at is the value of 6 - 3 - 19 - (-2 - (-15 - -15))?
-14
Evaluate 4 + (-2 + -66 - -7) - (32 - 36).
-53
Calculate 321 + -329 - (-18 - (0 + -1)) - 59.
-50
Evaluate -27 - (71 - 246) - 152.
-4
Calculate 1 - 2 - (9 - -45 - -11).
-66
What is 2 + 82 + (6 - 137)?
-47
Calculate -15 - (2 + (14 - 34) + 28).
-25
Calculate -1 + 13 - (76 - 72) - (2 + -3 + 44).
-35
Evaluate (12 - -10) + -44 + 8.
-14
What is the value of -69 - (106 - 159) - -144?
128
Evaluate -6 + -6 + 0 - -9 - (-4 - -12 - -19).
-30
Evaluate -1 - 4 - (-42 + 68 + -43).
12
Calculate 1 + -30 - (-1254 - -1228).
-3
Evaluate -2 - (-25 + 4 + 20 + (-2 - -1)).
0
45 + -34 + 19 + 91
121
What is the value of 3 + -5 + 29 - 51?
-24
Calculate -7 + (62 + -55 - (-21 + -2) - 3).
20
What is 14 - (-68 - ((37 - 37) + -5 + -5))?
72
What is -4 - 3 - (113 - 110) - -9?
-1
Calculate 1 + -5 + -2 - (-37 - (21 + -15 + 47)).
84
What is the value of -15 + 47 + -46 + -20?
-34
97 + -56 + -15 - -14
40
Evaluate -41 + (-21 - (-15 + -2) - 15) + 13.
-47
Evaluate -35692 - -35575 - (2 - (2 - 1) - 15).
-103
What is (10 - 18 - (-6 - (4 - -12))) + 12?
26
What is 29 + (44 - 52) + -11?
10
What is the value of (-15 - 0 - 2) + -3899 + 3932?
16
-61 - ((9 - 30) + -23)
-17
3 + 21 - (-32 - 10 - -57)
9
What is the value of -29 + (-10 - (-47 + 15)) - (21 + -3)?
-25
Evaluate 0 + 2 + 5 + (22016 - 21991).
32
(2 - 0 - (-8 - -1)) + 179 + -159 + -35
-6
What is the value of -12 + (-8 - (-167 + 149 + -1 + 12))?
-13
-63 - (-58 + 55 - (2 - 10) - (6 - 1))
-63
Evaluate 1 + (3 - 28) + (-9 - -16) + 9.
-8
What is -60 - -4 - (-27 - -1) - 48?
-78
24 + (-16 - (-17 - -21)) + -12
-8
Calculate (2 - 5) + (27 + -11 - 13) + -14 - 10.
-24
Calculate (-1 - -49) + 2234 + -2257.
25
Evaluate -57 + -12 + (3 - 21 - -33) + -14.
-68
What is the value of -2 - -53 - ((10 - -1) + -17) - 15?
42
Evaluate 11 + 51 + -71 - 41.
-50
Evaluate -8 - (-15 - -86) - (-11 - 4).
-64
26 + -39 + (17 - -1 - 16)
-11
What is the value of 30 + -23 - 3 - (-7 + (125 + -3 - -8))?
-119
Evaluate -61 - (-131 - (84 + -228)).
-74
5 + (7 - 28) - ((-28 - -29) + -16)
-1
What is the value of 9 - 3 - (-45 - (-17 + 13))?
47
What is the value of -62 + 52 + -119 + 95?
-34
What is the value of -89 - (59 + -20 + -88)?
-40
What is the value of (-100 + 169 - (14 + 7)) + -13 + 3 + 0?
38
What is the value of 0 - (117 - 57) - (0 - 6)?
-54
What is (-52 - -92) + -2 - (-4 + 1 + 15)?
26
Calculate 24 + -34 + -1 + 20 + 1 + 47.
57
Calculate -8 + -226 + 202 + -74.
-106
What is the value of 2 + -8 + 1 + 84 + 46?
125
What is the value of (25 + -53 - -51) + 3?
26
What is 2 - (1 + 108) - ((-66 - -35) + 18)?
-94
Evaluate 3 + (30 - (-21 - -124) - (-2 + -2)).
-66
What is the value of -22 + 27 + 28 + -29 - (3 - 88)?
89
Calculate (-4 - 22) + (14 - 10) + 35 + -1 + -70.
-58
Calculate -3 + 15 + -12 + 5 - ((-4 - -4) + 40).
-35
What is (0 + -2 - 107) + (-7844 - -7875)?
-78
Calculate -36 - 0 - (-600 - -595).
-31
Evaluate -8 + -12 - -64 - (51 - 46).
39
Evaluate -12 + 6 - (9 - (75 - (7 + -6 - -8))).
51
What is (-17 + 2 + 12 - (3 + 5)) + 3 - -27?
19
Evaluate (20 - 21 - -24 - -9) + (-1 - 0).
31
Evaluate 29 + -25 - (32 + -35).
7
What is the value of -2 - -34 - (-62 + (16 - -15))?
63
What is the value of (1270 - 1201) + 3 + -24?
48
(11 - (0 - 1)) + -3 + (-1879 - -1838)
-32
What is -36 - (-37 + 39 - (19 + 3))?
-16
What is -12 + 9 - (6 - ((9 - 0) + -7))?
-7
Calculate 76 + -41 + -32 + 13.
16
Evaluate -3 + -34 - (46 - 87).
4
Evaluate -16350 + 16414 + -2 + (22 - 0) + -1.
83
(4 - 3 - 6 - 8) + 42 + -69 + 10
-30
What is the value of -13 + 20 + -33 + 19 + 29?
22
16 + (12 - 11) + -7 + (-2 - 1)
7
Evaluate -80 + -3 + (107 - 91 - (1 - -22)).
-90
Evaluate 9 + 16 + -9 - (-9 - (14 + -21)).
18
-32 + (-19 - -31) + (-2 - -14) - (-40 - 3)
35
What is -985 + 979 + (1 + 2 - (8 + -16 + 20))?
-15
(-5 - -10) + -46 + (-6 - (-6 - 8))
-33
What is the value of -52 + (2 - -18) + -216 + 217?
-31
Calculate 64 - (185 - 116) - (14 - (1 + 1)).
-17
Calculate (1 + (-4 - (-6 + (1 - -10))) - -2) + -4.
-10
Evaluate (0 - -5 - (18 - -39)) + (-10 + 4 - 7).
-65
Calculate -95 + (106 - 58) + (1 - (1 + 3 + -3)).
-47
40 + -3 + (153 - 169) - -24
45
Calculate -559 + 471 - ((-10 - -5) + (-3 - -15)) - 11.
-106
What is the value of -17 - ((19 + 19 - 15 - 6) + -15)?
-19
-11 + (9 + -15 + 7 - (-2 - -2)) + -11
-21
What is 61 + 16 - (23 + (-17 - -9))?
62
1 - 11 - (1 - -1) - (-529 + 458) - -6
65
Evaluate -3 - (58 + 1) - (-19 + (23 - -1 - 13)).
-54
-3941 + 4038 - (3 + -2 - (2 + -17))
81
Calculate -2 + (150 - (37 + -19)) + -1.
129
What is (0 + -2 - -72) + (7 - (18 - (4 + 8)))?
71
(-5 + 8 - 7 - (3 - -6)) + -17
-30
What is the value of 3 - ((3 - -4) + -1) - (-25 - (31 - 24))?
29
What is 1 + (-24 - (-24 + -6) - (-1 - -33))?
-25
What is 18 + 15 - (-18 - -7 - 2)?
46
What is -1 - -1 - (-1 + 6) - (7654 - 7656) - -16?
13
What is -6 + 59 + -22 + -14 - -7?
24
Evaluate 85 + (-3 - -27) + 3 + -60.
52
Calculate 39 - (0 - (0 + -11)) - 60.
-32
(-56 - (-18 + -5)) + 27
-6
Calculate -8 + (2 - 7 - -7) - 38 - 7.
-51
What is the value of 21 + -24 + 23 - (-2 + 7)?
15
What is -2 + 5 + -16 + (-4 + 30 - 46)?
-33
What is (-62 - (-6 - -9)) + 63?
-2
Evaluate -27 - -25 - (47 + 23 + 0 + -9).
-63
Calculate 890 + -889 - (-84 + -13).
98
Evaluate -13 + (5 + 19 - 9) + -32 - 8.
-38
Calculate (-15 - -9) + -12 + 1 + -12.
-29
What is 14 - (24 + (-45 - -54))?
-19
What is the value of 81 + -100 + 0 + (-1 - 3) - -6?
-17
What is the value of -29 - (-26 - (-51 + 73))?
19
What is 22 + -88 + (31 - 48)?
-83
What is 2 + -10 + (119 - 131) + 19?
-1
What is the value of -44 - -3 - -73 - 113?
-81
Calculate 542 + -542 + (0 - -2).
2
(128 - 15) + 15 + -16 + (2 - 0)
114
Evaluate (-137 - (76 + -125)) + 47.
-41
(23 - (-41 + 22 + 49)) + 50
43
What is 22 + -1 - (-18 - -9 - (-15 - -26))?
41
What is the value of -11 - -3 - (-39 - -61 - 45)?
15
(-48 - -13 - -60) + 18
43
What is -65 - (-75 - -17) - 4?
-11
What is the value of 13 + (8 - (7 - -8)) - (13 + -2)?
-5
83 - ((68 - 80) + 180)
-85
-6509 - -6518 - (-6 - (1 - 0))
16
What is the value of 2 - (102 + -172 + -6)?
78
What is the value of 61 + 5 + 277 + -335?
8
Evaluate -13 - -1 - (153 - 109).
-56
(18 + (5 - (18 + 2)) - (0 - 18)) + 3
24
Calculate -24 + -1 + (-17 + (-31 - -85) - 23 - 29).
-40
0 + -6 + -20 + 73 + -42 + 46
51
Evaluate -57 + -2 - (398 - 426).
-31
-10 + 26 + 1 - 19 - 75
-77
Calculate (18 - 84) + 31 + 47.
12
-507 + 635 - (49 - 13)
92
(1 - (-21 - -73)) + 11 + -5 - 11
-56
120 + (70 + -103 - 9)
78
What is the value of 10 + 9 + -41 + -8 + -11 + -5?
-46
Evaluate 4 - (1 - (1 + 5 - 1) - (34 - 29)).
13
-6 - ((-15 - -15) + 6 + -15) - 53
-50
-161 + 224 + (-43 - -3)
23
8 + 2 + (-7 - 0) + (119 - 108)
14
6 + -2 - 17 - ((3 - 3) + -91)
78
Evaluate (4 - -1) + (959 - 975) - (-2 - -16).
-25
What is the value of (9 - 6) + 9 - (21 + (9 - (2 + 4)))?
-12
What is the value of -11 + 161 + -119 + (20 - 2)?
49
What is 16 - (1 + -4 - (35 + -6 + 5))?
53
What is the value of 23 + (15 - 75) + (-5 - 6) + (4 - -3)?
-41
What is the value of (-86 - -6) + (17 - (-32 + 41))?
-72
Calculate 22 + -106 + 37 - -18.
-29
Evaluate (2 - (27 - 39)) + (-3 - (-17 + 3)).
25
Calculate 7 + (-11 - 14) + 41.
23
What is the value of 199 + -78 + (-92 - -102)?
131
What is the value of 153 - (-37 + 43) - 92?
55
What is (-24 + 1 + 14 - 19) + 8?
-20
What is the value of 134 - (33 + 39 - -1)?
61
Evaluate -6 - (-51 - (-131 + (-14 - 31))).
-131
What is the value of -251 + 83 - -127 - 6?
-47
What is 24 - (42 - 2) - -11 - (102 - 7)?
-100
What is the value of 0 + 3 - ((6 - -7) + (-30 - -19)) - 18?
-17
Calculate 304 + -332 + 18 + 2 + 61 + -8.
45
What is the value of 0 + (-20 - (-6 + -13 - -16 - -11))?
-28
What is -28 - (-48 + 10 + 31)?
-21
What is (-87 - (-6 + -82)) + (1 - (-1 + 17))?
-14
Calculate (5 + 3 - (-106 + 117)) + (39 - 5).
31
What is 64 - 8 - -6 - 32?
30
-24 - -20 - 35 - (-4 + 10 - -9)
-54
What is -6 + 49 + (-20 - -47 - 6)?
64
What is the value of -81 + 1 - ((-37 - -38 - -41) + -30)?
-92
Evaluate -8 - (1 - 7 - (-12 + 42)).
28
Calculate 109 - 25 - 27 - 68.
-11
What is the value of -9 + 0 + -179 + 183 - (-93 - -3)?
85
(-38 + 52 - 62) + -56
-104
What is the value of -6 + 103 + -3 + (226 - 202)?
118
What is (18 - (-121 - -150)) + (1 - 1 - 17)?
-28
1 + 44 + -1 + (37 - (-27 - -26)) + -27
55
Calculate 60 + -72 - (-1 - -5) - -16 - 10.
-10
Evaluate 27 + -1 + (801 - 820) + -50.